{"id":4076,"date":"2022-01-31T13:20:14","date_gmt":"2022-01-31T13:20:14","guid":{"rendered":"https:\/\/www.cinemasoul.es\/?post_type=product&#038;p=4076"},"modified":"2022-04-05T16:55:26","modified_gmt":"2022-04-05T16:55:26","slug":"calle-42-dvd","status":"publish","type":"product","link":"https:\/\/cinemasoul.es\/?product=calle-42-dvd","title":{"rendered":"Calle 42 [DVD]"},"content":{"rendered":"","protected":false},"excerpt":{"rendered":"<p><strong>Warner Bros<\/strong>. y\u00a0<strong>The Vitaphone Corp<\/strong>\u00a0presentan\u00a0\u201c42nd street\u201d\u00a0<strong>con<\/strong>\u00a0Warner Baxter, Bebe Daniel, George Brent, Una Merkel, Ruby Keeler, Guy Kibbee, Ned Sparks, Dick Powell\u00a0<strong>Dirigida <\/strong>por\u00a0Lloyd Bacon\u00a0Una <strong>pel\u00edcula <\/strong>de Warner Bros. y Vitaphone.\u00a0 <strong>Idiomas<\/strong>: (1.0 Mono) Ingl\u00e9s, Alem\u00e1n, Castellano.\u00a0<strong>Subt\u00edtulos<\/strong>: Castellano, Ingl\u00e9s, Alem\u00e1n, Portugu\u00e9s, Checo, H\u00fangaro, Turco.\u00a0<strong>Codificado para sordos<\/strong>: Ingl\u00e9s, Alem\u00e1n.\u00a0PARA \u00c1MBITO DOM\u00c9STICO.\u00a0AUTORIZADA TODOS LOS P\u00daBLICOS.\u00a0Formato de capas de lectura.\u00a0<strong>Duraci\u00f3n<\/strong>: 83\u2019 APROX.\u00a0<strong>Formato de pantalla<\/strong>: 4:3 (1.33:1). <strong>C. Calificaci\u00f3n<\/strong>: N\u00ba 51.269\u00a0<strong>D. Legal<\/strong>: TF.146-2008.\u00a0COMPATIBLE CON TODOS LOS FORMATOS DE PANTALLA DE TELEVISI\u00d3N.<\/p>\n<p>Conoce a una ingenua de mirada l\u00e1nguida, un ruise\u00f1or tenor, estrellas engre\u00eddas, productores duros, rubias explosivas y se\u00f1oras de 80 de \u201cdudosa reputaci\u00f3n\u201d. Todos ellos viven en la\u00a0<em>Calle<\/em> <em>42<\/em>, cantando a voz en grito las atemporales canciones de Harry Warren, Al Dubil y zapateando los antidepresivos y sensacionales n\u00fameros del productor Busby Berkeley.\u00a0La teatrera trama, llena de ingeniosas bromas y nuevas caras, envuelve alegremente a\u00a0Ruby Keeler, Dick Powell y Ginger Rogers. Los incre\u00edbles n\u00fameros (\u201cShuffle off to Buffalo\u201d, \u201cYou\u2019re Getting to Be a Habit with Me\u201d y el tema principal de la pel\u00edcula) conservan todo su esplendor. Las im\u00e1genes y los sonidos nunca hab\u00edan sido mejores gracias a esta nueva digitalizaci\u00f3n a partir del negativo y las bandas sonoras originales. Los divertidos espect\u00e1culos de la\u00a0<em>Calle\u00a042<\/em>\u00a0nunca pasar\u00e1n de moda.<\/p>\n<p><strong>CARACTER\u00cdSTICAS ESPECIALES: <\/strong>TRAILER CINEMATOGR\u00c1FICO \u201cCOLECCI\u00d3N JAMES DEAN\u201d. TOUR POR EL INTERIOR DE UN ESTUDIO DE HOLLYWOOD. NOTICIARIO DE HOLLYWOOD. HARRY WARREN: EL COMPOSITOR AMERICANO M\u00c1S DESTACADO.<\/p>\n<p>&nbsp;<\/p>\n","protected":false},"featured_media":4077,"comment_status":"open","ping_status":"closed","template":"","meta":{"site-sidebar-layout":"default","site-content-layout":"default","ast-site-content-layout":"default","site-content-style":"default","site-sidebar-style":"default","ast-global-header-display":"","ast-banner-title-visibility":"","ast-main-header-display":"","ast-hfb-above-header-display":"","ast-hfb-below-header-display":"","ast-hfb-mobile-header-display":"","site-post-title":"","ast-breadcrumbs-content":"","ast-featured-img":"","footer-sml-layout":"","ast-disable-related-posts":"","theme-transparent-header-meta":"","adv-header-id-meta":"","stick-header-meta":"","header-above-stick-meta":"","header-main-stick-meta":"","header-below-stick-meta":"","astra-migrate-meta-layouts":"default","ast-page-background-enabled":"default","ast-page-background-meta":{"desktop":{"background-color":"","background-image":"","background-repeat":"repeat","background-position":"center center","background-size":"auto","background-attachment":"scroll","background-type":"","background-media":"","overlay-type":"","overlay-color":"","overlay-opacity":"","overlay-gradient":""},"tablet":{"background-color":"","background-image":"","background-repeat":"repeat","background-position":"center center","background-size":"auto","background-attachment":"scroll","background-type":"","background-media":"","overlay-type":"","overlay-color":"","overlay-opacity":"","overlay-gradient":""},"mobile":{"background-color":"","background-image":"","background-repeat":"repeat","background-position":"center center","background-size":"auto","background-attachment":"scroll","background-type":"","background-media":"","overlay-type":"","overlay-color":"","overlay-opacity":"","overlay-gradient":""}},"ast-content-background-meta":{"desktop":{"background-color":"var(--ast-global-color-5)","background-image":"","background-repeat":"repeat","background-position":"center center","background-size":"auto","background-attachment":"scroll","background-type":"","background-media":"","overlay-type":"","overlay-color":"","overlay-opacity":"","overlay-gradient":""},"tablet":{"background-color":"var(--ast-global-color-5)","background-image":"","background-repeat":"repeat","background-position":"center center","background-size":"auto","background-attachment":"scroll","background-type":"","background-media":"","overlay-type":"","overlay-color":"","overlay-opacity":"","overlay-gradient":""},"mobile":{"background-color":"var(--ast-global-color-5)","background-image":"","background-repeat":"repeat","background-position":"center center","background-size":"auto","background-attachment":"scroll","background-type":"","background-media":"","overlay-type":"","overlay-color":"","overlay-opacity":"","overlay-gradient":""}},"_joinchat":[]},"product_brand":[],"product_cat":[42],"product_tag":[],"class_list":{"0":"post-4076","1":"product","2":"type-product","3":"status-publish","4":"has-post-thumbnail","6":"product_cat-dvd","7":"desktop-align-left","8":"tablet-align-left","9":"mobile-align-left","11":"first","12":"instock","13":"shipping-taxable","14":"purchasable","15":"product-type-simple"},"_links":{"self":[{"href":"https:\/\/cinemasoul.es\/index.php?rest_route=\/wp\/v2\/product\/4076","targetHints":{"allow":["GET"]}}],"collection":[{"href":"https:\/\/cinemasoul.es\/index.php?rest_route=\/wp\/v2\/product"}],"about":[{"href":"https:\/\/cinemasoul.es\/index.php?rest_route=\/wp\/v2\/types\/product"}],"replies":[{"embeddable":true,"href":"https:\/\/cinemasoul.es\/index.php?rest_route=%2Fwp%2Fv2%2Fcomments&post=4076"}],"version-history":[{"count":5,"href":"https:\/\/cinemasoul.es\/index.php?rest_route=\/wp\/v2\/product\/4076\/revisions"}],"predecessor-version":[{"id":4498,"href":"https:\/\/cinemasoul.es\/index.php?rest_route=\/wp\/v2\/product\/4076\/revisions\/4498"}],"wp:featuredmedia":[{"embeddable":true,"href":"https:\/\/cinemasoul.es\/index.php?rest_route=\/wp\/v2\/media\/4077"}],"wp:attachment":[{"href":"https:\/\/cinemasoul.es\/index.php?rest_route=%2Fwp%2Fv2%2Fmedia&parent=4076"}],"wp:term":[{"taxonomy":"product_brand","embeddable":true,"href":"https:\/\/cinemasoul.es\/index.php?rest_route=%2Fwp%2Fv2%2Fproduct_brand&post=4076"},{"taxonomy":"product_cat","embeddable":true,"href":"https:\/\/cinemasoul.es\/index.php?rest_route=%2Fwp%2Fv2%2Fproduct_cat&post=4076"},{"taxonomy":"product_tag","embeddable":true,"href":"https:\/\/cinemasoul.es\/index.php?rest_route=%2Fwp%2Fv2%2Fproduct_tag&post=4076"}],"curies":[{"name":"wp","href":"https:\/\/api.w.org\/{rel}","templated":true}]}}