{"id":4034,"date":"2022-01-13T22:03:03","date_gmt":"2022-01-13T22:03:03","guid":{"rendered":"https:\/\/www.cinemasoul.es\/?post_type=product&#038;p=4034"},"modified":"2022-02-03T19:51:02","modified_gmt":"2022-02-03T19:51:02","slug":"la-gran-aventura-de-tarzan","status":"publish","type":"product","link":"https:\/\/cinemasoul.es\/?product=la-gran-aventura-de-tarzan","title":{"rendered":"La Gran Aventura de Tarzan [BD]"},"content":{"rendered":"<p>Tarz\u00e1n debe luchar contra un grupo de despiadados aventureros ingleses dispuestos a todo para hallar una mina de diamantes en la selva. Tras descubrir que esos hombres han matado a unos nativos, est\u00e1 dispuesto a acabar con ellos. Pen\u00faltima pel\u00edcula de Gordon Scott en el papel de Tarz\u00e1n.<\/p>\n","protected":false},"excerpt":{"rendered":"<p><strong>T\u00edtulo original<\/strong>: Tarzan&#8217;s Greatest Adventure\u00a0<strong>A\u00f1o<\/strong>: 1959\u00a0<strong>Duraci\u00f3n<\/strong>: 88 min.\u00a0<strong>Pa\u00eds<\/strong>: \u00a0Estados Unidos\u00a0<strong>Direcci\u00f3n<\/strong>: John Guillermin <strong>Guion<\/strong>: Berne Giler, John Guillermin, Les Crutchfield. <em>Personajes:<\/em> Edgar Rice Burroughs\u00a0<strong>M\u00fasica<\/strong>: Douglas Gamley\u00a0<strong>Fotograf\u00eda<\/strong>: Edward Scaife\u00a0<strong>Reparto<\/strong>: Gordon Scott, Anthony Quayle, Sara Shane, Niall MacGinnis, Sean Connery, Al Mulock, Scilla Gabel\u00a0<strong>Productora<\/strong>: Solar Film Productions\u00a0<strong>G\u00e9nero<\/strong>: Aventuras. Acci\u00f3n<\/p>\n<p><strong>Sinopsis<\/strong>: Tarz\u00e1n debe luchar contra un grupo de despiadados aventureros ingleses dispuestos a todo para hallar una mina de diamantes en la selva. Tras descubrir que esos hombres han matado a unos nativos, est\u00e1 dispuesto a acabar con ellos. Pen\u00faltima pel\u00edcula de Gordon Scott en el papel de Tarz\u00e1n.<\/p>\n","protected":false},"featured_media":4035,"comment_status":"open","ping_status":"closed","template":"","meta":{"site-sidebar-layout":"default","site-content-layout":"default","ast-site-content-layout":"default","site-content-style":"default","site-sidebar-style":"default","ast-global-header-display":"","ast-banner-title-visibility":"","ast-main-header-display":"","ast-hfb-above-header-display":"","ast-hfb-below-header-display":"","ast-hfb-mobile-header-display":"","site-post-title":"","ast-breadcrumbs-content":"","ast-featured-img":"","footer-sml-layout":"","ast-disable-related-posts":"","theme-transparent-header-meta":"default","adv-header-id-meta":"","stick-header-meta":"","header-above-stick-meta":"","header-main-stick-meta":"","header-below-stick-meta":"","astra-migrate-meta-layouts":"default","ast-page-background-enabled":"default","ast-page-background-meta":{"desktop":{"background-color":"","background-image":"","background-repeat":"repeat","background-position":"center center","background-size":"auto","background-attachment":"scroll","background-type":"","background-media":"","overlay-type":"","overlay-color":"","overlay-opacity":"","overlay-gradient":""},"tablet":{"background-color":"","background-image":"","background-repeat":"repeat","background-position":"center center","background-size":"auto","background-attachment":"scroll","background-type":"","background-media":"","overlay-type":"","overlay-color":"","overlay-opacity":"","overlay-gradient":""},"mobile":{"background-color":"","background-image":"","background-repeat":"repeat","background-position":"center center","background-size":"auto","background-attachment":"scroll","background-type":"","background-media":"","overlay-type":"","overlay-color":"","overlay-opacity":"","overlay-gradient":""}},"ast-content-background-meta":{"desktop":{"background-color":"var(--ast-global-color-5)","background-image":"","background-repeat":"repeat","background-position":"center center","background-size":"auto","background-attachment":"scroll","background-type":"","background-media":"","overlay-type":"","overlay-color":"","overlay-opacity":"","overlay-gradient":""},"tablet":{"background-color":"var(--ast-global-color-5)","background-image":"","background-repeat":"repeat","background-position":"center center","background-size":"auto","background-attachment":"scroll","background-type":"","background-media":"","overlay-type":"","overlay-color":"","overlay-opacity":"","overlay-gradient":""},"mobile":{"background-color":"var(--ast-global-color-5)","background-image":"","background-repeat":"repeat","background-position":"center center","background-size":"auto","background-attachment":"scroll","background-type":"","background-media":"","overlay-type":"","overlay-color":"","overlay-opacity":"","overlay-gradient":""}},"_joinchat":[]},"product_brand":[],"product_cat":[43],"product_tag":[],"class_list":{"0":"post-4034","1":"product","2":"type-product","3":"status-publish","4":"has-post-thumbnail","6":"product_cat-bluray","7":"desktop-align-left","8":"tablet-align-left","9":"mobile-align-left","11":"first","12":"instock","13":"sale","14":"shipping-taxable","15":"purchasable","16":"product-type-simple"},"_links":{"self":[{"href":"https:\/\/cinemasoul.es\/index.php?rest_route=\/wp\/v2\/product\/4034","targetHints":{"allow":["GET"]}}],"collection":[{"href":"https:\/\/cinemasoul.es\/index.php?rest_route=\/wp\/v2\/product"}],"about":[{"href":"https:\/\/cinemasoul.es\/index.php?rest_route=\/wp\/v2\/types\/product"}],"replies":[{"embeddable":true,"href":"https:\/\/cinemasoul.es\/index.php?rest_route=%2Fwp%2Fv2%2Fcomments&post=4034"}],"version-history":[{"count":3,"href":"https:\/\/cinemasoul.es\/index.php?rest_route=\/wp\/v2\/product\/4034\/revisions"}],"predecessor-version":[{"id":4330,"href":"https:\/\/cinemasoul.es\/index.php?rest_route=\/wp\/v2\/product\/4034\/revisions\/4330"}],"wp:featuredmedia":[{"embeddable":true,"href":"https:\/\/cinemasoul.es\/index.php?rest_route=\/wp\/v2\/media\/4035"}],"wp:attachment":[{"href":"https:\/\/cinemasoul.es\/index.php?rest_route=%2Fwp%2Fv2%2Fmedia&parent=4034"}],"wp:term":[{"taxonomy":"product_brand","embeddable":true,"href":"https:\/\/cinemasoul.es\/index.php?rest_route=%2Fwp%2Fv2%2Fproduct_brand&post=4034"},{"taxonomy":"product_cat","embeddable":true,"href":"https:\/\/cinemasoul.es\/index.php?rest_route=%2Fwp%2Fv2%2Fproduct_cat&post=4034"},{"taxonomy":"product_tag","embeddable":true,"href":"https:\/\/cinemasoul.es\/index.php?rest_route=%2Fwp%2Fv2%2Fproduct_tag&post=4034"}],"curies":[{"name":"wp","href":"https:\/\/api.w.org\/{rel}","templated":true}]}}