{"id":3495,"date":"2021-10-25T21:14:44","date_gmt":"2021-10-25T21:14:44","guid":{"rendered":"http:\/\/www.cinemasoul.es\/?post_type=product&#038;p=3495"},"modified":"2026-01-21T07:23:14","modified_gmt":"2026-01-21T07:23:14","slug":"escandalo-en-paris","status":"publish","type":"product","link":"https:\/\/cinemasoul.es\/?product=escandalo-en-paris","title":{"rendered":"Escandalo en Paris"},"content":{"rendered":"<p>Direcci\u00f3n: <span class=\"nb\"><a title=\"Douglas Sirk\" href=\"https:\/\/www.filmaffinity.com\/es\/search.php?stype=director&amp;sn&amp;stext=Douglas%20Sirk\">Douglas Sirk<\/a><\/span><\/p>\n<p>Guion: <span class=\"nb\">Ellis St. Joseph.<\/span><i>\u00a0Autobiograf\u00eda:<\/i>\u00a0<span class=\"nb\">Fran\u00e7ois Eug\u00e8ne Vidocq<\/span><\/p>\n<p>M\u00fasica: <span class=\"nb\">Hanns Eisler<\/span><\/p>\n<p>Fotograf\u00eda: <span class=\"nb\">Guy Roe<\/span>\u00a0(B&amp;W)<\/p>\n<p>Reparto: <span class=\"nb\"><a title=\"George Sanders\" href=\"https:\/\/www.filmaffinity.com\/es\/search.php?stype=cast&amp;sn&amp;stext=George%20Sanders\">George Sanders<\/a>,<\/span>\u00a0<span class=\"nb\"><a title=\"Signe Hasso\" href=\"https:\/\/www.filmaffinity.com\/es\/search.php?stype=cast&amp;sn&amp;stext=Signe%20Hasso\">Signe Hasso<\/a>,<\/span>\u00a0<span class=\"nb\"><a title=\"Carole Landis\" href=\"https:\/\/www.filmaffinity.com\/es\/search.php?stype=cast&amp;sn&amp;stext=Carole%20Landis\">Carole Landis<\/a>,<\/span>\u00a0<span class=\"nb\"><a title=\"Akim Tamiroff\" href=\"https:\/\/www.filmaffinity.com\/es\/search.php?stype=cast&amp;sn&amp;stext=Akim%20Tamiroff\">Akim Tamiroff<\/a>,<\/span>\u00a0<span class=\"nb\"><a title=\"Gene Lockhart\" href=\"https:\/\/www.filmaffinity.com\/es\/search.php?stype=cast&amp;sn&amp;stext=Gene%20Lockhart\">Gene Lockhart<\/a>,<\/span>\u00a0<span class=\"nb\"><a title=\"Jo Ann Marlowe\" href=\"https:\/\/www.filmaffinity.com\/es\/search.php?stype=cast&amp;sn&amp;stext=Jo%20Ann%20Marlowe\">Jo Ann Marlowe<\/a>,<\/span>\u00a0<span class=\"nb\"><a title=\"Alma Kruger\" href=\"https:\/\/www.filmaffinity.com\/es\/search.php?stype=cast&amp;sn&amp;stext=Alma%20Kruger\">Alma Kruger<\/a>,<\/span>\u00a0<span class=\"nb\"><a title=\"Alan Napier\" href=\"https:\/\/www.filmaffinity.com\/es\/search.php?stype=cast&amp;sn&amp;stext=Alan%20Napier\">Alan Napier<\/a>,<\/span>\u00a0<span class=\"nb\"><a title=\"Vladimir Sokoloff\" href=\"https:\/\/www.filmaffinity.com\/es\/search.php?stype=cast&amp;sn&amp;stext=Vladimir%20Sokoloff\">Vladimir Sokoloff<\/a>,<\/span>\u00a0<span class=\"nb\"><a title=\"Pedro de Cordoba\" href=\"https:\/\/www.filmaffinity.com\/es\/search.php?stype=cast&amp;sn&amp;stext=Pedro%20de%20Cordoba\">Pedro de Cordoba<\/a><\/span><\/p>\n<p>G\u00e9nero: <a href=\"https:\/\/www.filmaffinity.com\/es\/moviegenre.php?genre=DR&amp;attr=rat_count&amp;nodoc\">Drama<\/a><\/p>\n","protected":false},"excerpt":{"rendered":"<p>Sinopsis: Autobiograf\u00eda de Fran\u00e7ois Eug\u00e8ne Vidocq, legendario ladr\u00f3n del siglo XVIII. Vidocq naci\u00f3 en una c\u00e1rcel francesa en 1775 y lleg\u00f3 incluso a ser nombrado jefe de la polic\u00eda de Par\u00eds, pero durante todo ese tiempo no dej\u00f3 de ser un singular y elegante delincuente.<\/p>\n","protected":false},"featured_media":3496,"comment_status":"open","ping_status":"closed","template":"","meta":{"site-sidebar-layout":"default","site-content-layout":"default","ast-site-content-layout":"default","site-content-style":"default","site-sidebar-style":"default","ast-global-header-display":"","ast-banner-title-visibility":"","ast-main-header-display":"","ast-hfb-above-header-display":"","ast-hfb-below-header-display":"","ast-hfb-mobile-header-display":"","site-post-title":"","ast-breadcrumbs-content":"","ast-featured-img":"","footer-sml-layout":"","ast-disable-related-posts":"","theme-transparent-header-meta":"default","adv-header-id-meta":"","stick-header-meta":"","header-above-stick-meta":"","header-main-stick-meta":"","header-below-stick-meta":"","astra-migrate-meta-layouts":"default","ast-page-background-enabled":"default","ast-page-background-meta":{"desktop":{"background-color":"","background-image":"","background-repeat":"repeat","background-position":"center center","background-size":"auto","background-attachment":"scroll","background-type":"","background-media":"","overlay-type":"","overlay-color":"","overlay-opacity":"","overlay-gradient":""},"tablet":{"background-color":"","background-image":"","background-repeat":"repeat","background-position":"center center","background-size":"auto","background-attachment":"scroll","background-type":"","background-media":"","overlay-type":"","overlay-color":"","overlay-opacity":"","overlay-gradient":""},"mobile":{"background-color":"","background-image":"","background-repeat":"repeat","background-position":"center center","background-size":"auto","background-attachment":"scroll","background-type":"","background-media":"","overlay-type":"","overlay-color":"","overlay-opacity":"","overlay-gradient":""}},"ast-content-background-meta":{"desktop":{"background-color":"var(--ast-global-color-5)","background-image":"","background-repeat":"repeat","background-position":"center center","background-size":"auto","background-attachment":"scroll","background-type":"","background-media":"","overlay-type":"","overlay-color":"","overlay-opacity":"","overlay-gradient":""},"tablet":{"background-color":"var(--ast-global-color-5)","background-image":"","background-repeat":"repeat","background-position":"center center","background-size":"auto","background-attachment":"scroll","background-type":"","background-media":"","overlay-type":"","overlay-color":"","overlay-opacity":"","overlay-gradient":""},"mobile":{"background-color":"var(--ast-global-color-5)","background-image":"","background-repeat":"repeat","background-position":"center center","background-size":"auto","background-attachment":"scroll","background-type":"","background-media":"","overlay-type":"","overlay-color":"","overlay-opacity":"","overlay-gradient":""}},"_joinchat":[]},"product_brand":[],"product_cat":[43],"product_tag":[],"class_list":{"0":"post-3495","1":"product","2":"type-product","3":"status-publish","4":"has-post-thumbnail","6":"product_cat-bluray","7":"desktop-align-left","8":"tablet-align-left","9":"mobile-align-left","11":"first","12":"instock","13":"shipping-taxable","14":"purchasable","15":"product-type-simple"},"_links":{"self":[{"href":"https:\/\/cinemasoul.es\/index.php?rest_route=\/wp\/v2\/product\/3495","targetHints":{"allow":["GET"]}}],"collection":[{"href":"https:\/\/cinemasoul.es\/index.php?rest_route=\/wp\/v2\/product"}],"about":[{"href":"https:\/\/cinemasoul.es\/index.php?rest_route=\/wp\/v2\/types\/product"}],"replies":[{"embeddable":true,"href":"https:\/\/cinemasoul.es\/index.php?rest_route=%2Fwp%2Fv2%2Fcomments&post=3495"}],"version-history":[{"count":1,"href":"https:\/\/cinemasoul.es\/index.php?rest_route=\/wp\/v2\/product\/3495\/revisions"}],"predecessor-version":[{"id":3497,"href":"https:\/\/cinemasoul.es\/index.php?rest_route=\/wp\/v2\/product\/3495\/revisions\/3497"}],"wp:featuredmedia":[{"embeddable":true,"href":"https:\/\/cinemasoul.es\/index.php?rest_route=\/wp\/v2\/media\/3496"}],"wp:attachment":[{"href":"https:\/\/cinemasoul.es\/index.php?rest_route=%2Fwp%2Fv2%2Fmedia&parent=3495"}],"wp:term":[{"taxonomy":"product_brand","embeddable":true,"href":"https:\/\/cinemasoul.es\/index.php?rest_route=%2Fwp%2Fv2%2Fproduct_brand&post=3495"},{"taxonomy":"product_cat","embeddable":true,"href":"https:\/\/cinemasoul.es\/index.php?rest_route=%2Fwp%2Fv2%2Fproduct_cat&post=3495"},{"taxonomy":"product_tag","embeddable":true,"href":"https:\/\/cinemasoul.es\/index.php?rest_route=%2Fwp%2Fv2%2Fproduct_tag&post=3495"}],"curies":[{"name":"wp","href":"https:\/\/api.w.org\/{rel}","templated":true}]}}